{"id":138,"date":"2024-10-18T18:38:52","date_gmt":"2024-10-18T16:38:52","guid":{"rendered":"https:\/\/tekhybrid.com\/?page_id=138"},"modified":"2024-10-18T18:43:42","modified_gmt":"2024-10-18T16:43:42","slug":"showroom","status":"publish","type":"page","link":"https:\/\/tekhybrid.com\/?page_id=138","title":{"rendered":"Showroom"},"content":{"rendered":"\n<div class=\"wp-block-group has-global-padding is-layout-constrained wp-block-group-is-layout-constrained\">\n<p class=\"has-text-align-center\">Sur rendez-vous aupr\u00e8s de la soci\u00e9t\u00e9 3D Synergie \u00e0 Lab\u00e8ge.<\/p>\n<\/div>\n\n\n\n<div class=\"wp-block-group has-global-padding is-layout-constrained wp-block-group-is-layout-constrained\">\n\n<p><\/p>\n\n<p><iframe width=90% height=\"525\" style=\"border: 0px; display: block; margin-left: auto; margin-right: auto;\" src=\"https:\/\/www.google.com\/maps\/embed?pb=!1m14!1m8!1m3!1d5783.601048167555!2d1.5034114007969273!3d43.54819985606695!3m2!1i1024!2i768!4f13.1!3m3!1m2!1s0x0%3A0xc53bedeb9660c965!2s3D+Synergie!5e0!3m2!1sfr!2sfr!4v1418051454415\" frameborder=\"0\"><\/iframe><\/p>\n\n\n<\/div>\n<p><!-- \/wp:post-content --><\/p>","protected":false},"excerpt":{"rendered":"<p>Sur rendez-vous aupr\u00e8s de la soci\u00e9t\u00e9 3D Synergie \u00e0 Lab\u00e8ge.<\/p>\n","protected":false},"author":1,"featured_media":0,"parent":0,"menu_order":0,"comment_status":"closed","ping_status":"closed","template":"","meta":{"footnotes":""},"class_list":["post-138","page","type-page","status-publish","hentry"],"jetpack_sharing_enabled":true,"_links":{"self":[{"href":"https:\/\/tekhybrid.com\/index.php?rest_route=\/wp\/v2\/pages\/138","targetHints":{"allow":["GET"]}}],"collection":[{"href":"https:\/\/tekhybrid.com\/index.php?rest_route=\/wp\/v2\/pages"}],"about":[{"href":"https:\/\/tekhybrid.com\/index.php?rest_route=\/wp\/v2\/types\/page"}],"author":[{"embeddable":true,"href":"https:\/\/tekhybrid.com\/index.php?rest_route=\/wp\/v2\/users\/1"}],"replies":[{"embeddable":true,"href":"https:\/\/tekhybrid.com\/index.php?rest_route=%2Fwp%2Fv2%2Fcomments&post=138"}],"version-history":[{"count":5,"href":"https:\/\/tekhybrid.com\/index.php?rest_route=\/wp\/v2\/pages\/138\/revisions"}],"predecessor-version":[{"id":144,"href":"https:\/\/tekhybrid.com\/index.php?rest_route=\/wp\/v2\/pages\/138\/revisions\/144"}],"wp:attachment":[{"href":"https:\/\/tekhybrid.com\/index.php?rest_route=%2Fwp%2Fv2%2Fmedia&parent=138"}],"curies":[{"name":"wp","href":"https:\/\/api.w.org\/{rel}","templated":true}]}}